k?
2
Suppose -50*t = -18*t + 64. Let j(r) = -207*r + 63. What is the hundreds digit of j(t)?
4
Let i be 10/(-6) - (-2)/3. Let t(r) be the third derivative of -13*r**6/12 - r**4/24 - r**3/6 + r**2 - 202. What is the hundreds digit of t(i)?
1
Suppose 82 = -25*l + 23*l. Let p = l + 59. What is the tens digit of p?
1
Let m(f) be the third derivative of f**5/60 + f**4/24 - 17*f**3/6 + 5*f**2. Suppose 5*a = -3*w - 80, 2*w - 6*w + 16 = -a. What is the hundreds digit of m(a)?
2
Let b = 1917 + 822. Suppose 5*l + 2*i - b = 0, l + 9*i = 8*i + 549. What is the tens digit of l?
4
What is the hundreds digit of (-2458150)/(-699)*((-18)/5)/(-3)?
2
Suppose 308*a = -147*a + 38151295. What is the hundreds digit of a?
8
Let u(a) = a**3 + 9*a**2 + 12*a - 7. Let m = 35 + -42. Let k be u(m). Suppose 3*y + 234 = k*y - 2*f, -2*y - 5*f + 135 = 0. What is the tens digit of y?
6
Let n be (2 + 2)/((-6)/(-1) - 4). Suppose 2*a - 1625 = -3*w - 2*w, n*w - 661 = -3*a. What is the units digit of w?
3
Suppose 18*y - 18 = 17*y. Suppose -y = -2*o + 36. Suppose -201 + o = -4*d + 3*t, 0 = -5*d - 2*t + 229. What is the tens digit of d?
4
Suppose -59209 = -3*x + 2*j, 3*x - 286*j - 59185 = -287*j. What is the tens digit of x?
3
Suppose 6*b + 7*b = -3*m + 18*b + 69612, b = 0. What is the tens digit of m?
0
Suppose -43*w - 15 = -46*w. Suppose -v + 0*b + 328 = -3*b, w*v + b = 1704. What is the units digit of v?
0
Suppose 2*x + 184 = 4*d, -2*x + 54 = 3*d - 84. Suppose -8*h + 365 = -267. Let p = h + d. What is the units digit of p?
5
What is the units digit of ((-117684)/28)/(27/(-21) + (-2)/(-7))?
3
Suppose 23*a = 20*a + 21. Let z(n) = n**2 - 6*n - 1. Let h be z(a). Suppose -h*o = -182 - 82. What is the units digit of o?
4
Suppose -11*m + 12*m - 1940 = -2*q, -5*q - 7734 = -4*m. Let n = m - 175. What is the hundreds digit of n?
7
Suppose 0 = -t - 5*q + 1350, 2*q = 128 - 130. Let v be 2 + 0 - 2*1. Suppose v = 8*f + 315 - t. What is the units digit of f?
0
Suppose 2*u - 18 = -u. Let y(z) be the second derivative of z**5/20 - z**4/3 - z**3/6 - 171*z + 3. What is the units digit of y(u)?
6
Let q = 52 + -49. Let o be 89/q + 2/6. Suppose -3*g = -3*d - 51, 28 = 5*g + 4*d - o. What is the units digit of g?
4
Let r be (-3 - (3 + -2))*1820/(-16). Let t = -318 + r. What is the hundreds digit of t?
1
Let h = -85731 + 121865. What is the hundreds digit of h?
1
Let c(o) be the first derivative of 11*o**2/2 + 3*o + 273. Suppose 9 = h + n, -5*n = 4*h - 0*n - 41. What is the units digit of c(h)?
7
Let t(d) = 726*d**2 - 88*d + 10. What is the tens digit of t(3)?
8
Let f = -980 - -606. Let t = f + 742. What is the units digit of t?
8
Let a = 170 + -167. Suppose 871 = a*f - 224. What is the hundreds digit of f?
3
Let b(z) = 14*z + 11. Let s be b(-1). What is the units digit of (8/s - (-17)/(-51)) + 509?
6
Suppose 5 = -2*u + u. Let b(q) = -43 + 20 + 11 + 15 - 34*q. What is the tens digit of b(u)?
7
Suppose i + 470 - 451 = 0. Let u(r) = 8*r + 188. What is the tens digit of u(i)?
3
Let c be 49 + (-2 - -5) + -4. Suppose 16*r = 12*r + c. What is the units digit of (-11)/((-1)/r*3)?
4
Suppose 39*r + 13103 = 63725. What is the thousands digit of r?
1
What is the hundreds digit of 229*30 + 1 - (-1057)/(-151)?
8
Let j = -1334 + 2304. Suppose -6*t + j = -1148. What is the tens digit of t?
5
Suppose -122*f - 268 = -126*f. Let i = f + 354. What is the hundreds digit of i?
4
What is the thousands digit of (-9)/(-4)*(-3052)/(-3)?
2
Suppose 2*s = 2*a + 242, a + 12*s + 123 = 11*s. Let p = 45 - a. What is the tens digit of p?
6
Let o(v) be the second derivative of -v**5/20 + v**4/12 - v**3/6 + v**2 - 11*v - 2. What is the units digit of o(0)?
2
Suppose -p + 37743 = -g, 101*p + 226467 = 107*p + 3*g. What is the units digit of p?
4
Let y = 84 + -81. Suppose -y*o = 5*z - 282 - 199, 4*z = 3*o - 490. What is the units digit of o?
2
Let w = 8661 - 6180. Suppose -w = -17*u - 186. What is the hundreds digit of u?
1
What is the hundreds digit of ((-4)/(-6))/((-123)/(-1056078))?
7
Suppose 135*c = -16*c + 1447939. What is the tens digit of c?
8
Suppose -p = 45 - 65. Suppose -p*f + 8429 = 369. What is the units digit of f?
3
Let p = -11541 - -32224. What is the hundreds digit of p?
6
Let n(g) = -g**3 - 10*g**2 + 13*g + 12. Let j be n(-9). Let l = j - -462. Suppose 25 = 5*m, -l = -2*h - 5*m + 143. What is the hundreds digit of h?
1
Suppose u + 27 = 5*y, -2*y + 6 = 8*u - 6*u. Suppose y*m - 7*m = -848. What is the hundreds digit of m?
4
Let j(v) = -9*v - 27 + 16*v - 11*v - 9*v. What is the units digit of j(-25)?
8
Let u(a) = a**2 - 24*a + 27. Let m be u(20). Suppose 0 = -24*v + 25*v + 77. Let y = m - v. What is the tens digit of y?
2
Let p(b) = 3*b + 25. Let h be p(-7). Let v(i) = 93*i - h + 11 - 4 - 22*i. What is the tens digit of v(3)?
1
Suppose 0*d + d = 3*d. Suppose 5*i + 2 = 2*v, d*v - 2*i = -v + 2. Suppose v*n = 3*n + 2*g + 69, 0 = 5*n - 4*g - 117. What is the units digit of n?
1
Let w(s) = -3*s + 67. Let f be w(23). Let o(x) = -469*x + 70. What is the thousands digit of o(f)?
1
Let t(k) be the third derivative of -k**4/3 + 65*k**3/6 + 46*k**2. What is the hundreds digit of t(-5)?
1
Suppose 0 = 83*v - 88*v. Let p be 1729 - (-4 + (v - -4))/2. Suppose -2*q = -15*q + p. What is the hundreds digit of q?
1
Let u(c) = -31*c + 316. Let g(q) = -31*q + 311. Let j(o) = -4*g(o) + 5*u(o). What is the units digit of j(-21)?
7
Let j = -6115 + 10661. What is the tens digit of j?
4
Let v(z) = -z - 10. Let f be v(-15). Let j(q) = -5*q - 16. Let g(x) = -6*x - 17. Let h(r) = f*j(r) - 4*g(r). What is the units digit of h(-17)?
5
Let p be (-177)/(-1)*6/(-9). Suppose 350 = 4*w - 846. Let j = w + p. What is the tens digit of j?
8
Let j = -836 + 840. Suppose -3*q + x = -3281, j*q + 3*x = 4116 + 237. What is the tens digit of q?
9
Let m(v) be the first derivative of 13*v**2 + 22 - 1/3*v**3 - 35*v. What is the units digit of m(24)?
3
Suppose -11*m - 14 = -4*m. What is the tens digit of 32224/104 + (96/(-52) - m)?
1
Let a be -2*(65/52)/(2/(-4)). Suppose -3*z + a*z + 283 = d, -4*d + 5*z = -1141. Let r = 464 - d. What is the units digit of r?
5
Suppose -10*o + 29 = -421. Let k = -5 - o. What is the tens digit of (40/4)/(46/k - -1)?
2
Suppose 0 = -5*a - 0*x + 3*x + 18, -4 = -2*a - 2*x. Suppose -a*h = u - 94, u + 2*h + 2*h - 89 = 0. What is the tens digit of u?
0
Suppose -75*q = -62*q - 151398. Suppose q = 9*k + 1143. What is the hundreds digit of k?
1
Let f(q) = q**3 + 44*q**2 - 925*q - 78. What is the ten thousands digit of f(-44)?
4
Let o = 36425 + 66. What is the units digit of o?
1
Suppose 0 = 2*w + 5*g - 7724, 5*w - 8*w = -3*g - 11607. What is the hundreds digit of w?
8
Let d(t) = 7*t**3 - 11*t**2 - 6*t + 12. Let r be d(5). Let p = -220 + r. What is the tens digit of p?
6
Let y(i) = i**3 + 148*i**2 + 667*i - 410. What is the thousands digit of y(-141)?
4
Let z = -309 - -313. Suppose -z*t - 2*q + 2064 = 0, q - 509 = -t + 4*q. What is the hundreds digit of t?
5
Let y = -405 + 269. What is the tens digit of (-2184)/112*y/3?
8
Suppose 0 = -2*u + 3*n + 78277, -74*u + 72*u + 78263 = -5*n. What is the hundreds digit of u?
1
Let p = -55 + 60. Let c(r) = -3*r**2 + 21*r + 38*r - 2*r**2 - 6 - 70*r + 3*r**3. What is the units digit of c(p)?
9
Let f = 226 - 149. What is the units digit of -3 - (-11)/(f/3682)?
3
Suppose -5*o = 46 - 26. Suppose 4*t = -2*d + 46, 3*t - 4*d - 2 = d. Let x = t - o. What is the units digit of x?
3
Suppose 2*f + 5*g - 3 = 13, -30 = -2*f + 2*g. Suppose 3*b = 3*a - 2*b + 37, a - 2*b + f = 0. What is the units digit of 6/a*-123 - -2?
4
Let r(c) = c - 38. Let u be r(38). Suppose -2*w + 3*t + 484 = u, -598 - 115 = -3*w - 2*t. What is the tens digit of w?
3
Suppose 155*u - 159*u + 90728 = -4*g, -u + 5*g + 22710 = 0. What is the hundreds digit of u?
6
Suppose 5*k - 361*l = -365*l + 79194, 3*k = 3*l + 47484. What is the thousands digit of k?
5
What is the units digit of ((-9586)/7)/(14*(-15)/735)?
3
Let u be ((-2)/7 - 2/(-7)) + 60. Suppose 0*p - u = -3*p. What is the tens digit of (-218)/(-4)*(p/(-4) + 7)?
0
Suppose 0*c + 3009 = -3*c. Let y = 1597 + c. Suppose y = 4*u + 74. What is the hundreds digit of u?
1
Let v be (-584)/(-1) + (-65 - -69). Suppose -66*m = -67*m + v. What is the hundreds digit of m?
5
Let u(x) = 336*x**3 - 10*x**2 + 29*x - 30. Wha